
Suppose 5*y + 0*y = -2*x + 22, -4*x = -5*y + 16. Suppose -4*g + y + 4 = 0. Suppose d - 59 = -5*r + 16, -3*r + g*d + 32 = 0. What is the tens digit of r?
1
Let c = 62 + 69. What is the tens digit of c?
3
Let j be 0/(-4) - (-16)/4. Suppose -j*f = -2*f - 60. What is the units digit of f?
0
Let n = 35 + -31. Suppose -4*z + 4 = -n. Let k = 18 - z. What is the tens digit of k?
1
What is the units digit of (-4954)/(-10) - (-1)/(-10)*4?
5
Let f(a) = -38*a + 5. Let k be f(-5). Let z be ((-1)/3)/(13/k). Let g(y) = -3*y + 12. What is the units digit of g(z)?
7
Let v(k) = -k - 10. Let s be v(-12). Suppose 4*d - d - 62 = -s*h, -h = -3*d + 50. What is the units digit of d?
8
Suppose 3*s - 136 - 362 = 0. Let g = s - 93. What is the units digit of g?
3
Let d be (2/(-4))/((-1)/10). Suppose 105 = d*l - 125. What is the units digit of l?
6
Let o = -282 - -438. What is the units digit of (-2)/5 - o/(-65)?
2
Let f(s) = -s**3 + 4*s**2 + 13*s - 10. What is the tens digit of f(5)?
3
What is the tens digit of (0/1 + 1)*101?
0
Let n be 0 + (-74)/(-8) + 15/20. What is the units digit of 10*(48/n)/6?
8
Let v be 2/(-8) + 2/8. Let l = 24 - 21. Suppose v*f = -l*f + 108. What is the tens digit of f?
3
Suppose -s + 12 = -5*s, 2*w = -s + 5. Suppose 0*h + w = h, 3*x + 77 = 5*h. Let u = x - -22. What is the units digit of u?
3
Let s = 36 - 22. Suppose 15*h - s*h = 111. What is the units digit of h?
1
Suppose -5*u + 4*u + 621 = 0. Suppose -2*m - u = -4*p - 5*m, 15 = -3*m. What is the units digit of p?
9
Let d be (-1 - (-14)/10)*5. Suppose -5*l = 10*o - 9*o - 85, 5*l = -5*o + 505. Suppose -17 = -g - d*c + 13, 0 = -4*g - 5*c + o. What is the tens digit of g?
2
What is the units digit of (-5)/(-10)*(-4624)/(-4)?
8
Let t = -188 + 694. Let c = t + -323. What is the tens digit of c?
8
Let a = 3 + -3. What is the tens digit of (-180)/(-5) + a + -3 + -3?
3
Suppose 5*t = 10*t, 0 = 3*m + 5*t - 6675. What is the units digit of m?
5
What is the hundreds digit of -8 - 3 - -5 - -3428?
4
Let a = 612 + -348. What is the tens digit of a?
6
Suppose 0 + 10 = -2*n. Let c = n - -10. Suppose x + c*l = 27, 0*l = -3*x - 2*l + 42. What is the tens digit of x?
1
Suppose -5*v = -4*u - 23 + 130, u - 30 = -2*v. Let z = 16 + u. What is the tens digit of z?
4
Suppose 7*y - 8859 = 1571. What is the units digit of y?
0
Let w = 19 - 22. Let n(q) = -43*q - 11. What is the tens digit of n(w)?
1
Let o(c) = -c**3 - 18*c**2 - c - 37. Let a be o(-19). Let t = -171 + a. What is the hundreds digit of t?
1
Let g(m) = m**3 - 10*m**2 + 7*m - 7. Suppose -r + 4*u = -10, r + 6*u = 2*u + 10. Let d be g(r). Suppose 20*t - d = 17*t. What is the units digit of t?
1
Suppose 2*x + 3*u = 1574, -2*x + u = -1126 - 432. What is the tens digit of x?
8
Suppose 0 = 3*k - 115 - 80. Let r(x) = x**3 - 14*x**2 - 21*x + 50. Let i be r(15). Let s = i + k. What is the tens digit of s?
2
Let u = 448 - -493. What is the tens digit of u?
4
Suppose 14*p - 18*p = 332. Let n = 122 + p. What is the units digit of n?
9
Suppose -3*j - 2*s = -2*j + 2, 5*s + 5 = -3*j. Suppose 2*x + j*a + a - 8 = 0, x - 3*a = 11. Suppose -x*m + 168 - 18 = 0. What is the tens digit of m?
3
Suppose 10*g - 58 = -18. Suppose 117 + 167 = g*y. What is the tens digit of y?
7
Let m(f) = -5*f + 87. Suppose 17*a = 13*a + 48. What is the units digit of m(a)?
7
What is the units digit of 6715/(-34)*8/(-5)?
6
Suppose -4 = -5*x + 1, b - 764 = -3*x. What is the tens digit of b?
6
Let b be (10 + -10)/(-2 - 0). Let v be 148/(-8)*(b + 2). Let w = v + 62. What is the tens digit of w?
2
Let y(n) = n**2 - 15*n + 11. Let x be y(15). Suppose -294 = -x*z + 993. What is the units digit of z?
7
Let b(j) be the first derivative of j**4/4 + 10*j**3/3 - 9*j**2/2 + 7*j + 2. What is the tens digit of b(-10)?
9
Suppose -1530 = 16*w - 7898. What is the hundreds digit of w?
3
Let q(w) be the third derivative of 0*w - 1/24*w**4 + 0 - 4*w**2 - 1/60*w**5 + 7/3*w**3. What is the tens digit of q(0)?
1
Let f(l) = -l**3 - 19*l**2 - 18*l - 22. Let u be f(-18). Let x = 94 - u. What is the units digit of x?
6
Suppose -36*v = -24*v - 15648. What is the units digit of v?
4
Let r(t) = -t**3 - 9*t**2 + 9*t - 3. Let p be r(-10). Suppose -3*m = 19 - p, -2*u + 4*m + 56 = 0. Let d = 9 + u. What is the tens digit of d?
2
What is the tens digit of (-93)/(2*(-5)/30) + -4?
7
Let s(v) = -v**3 - 7*v**2 + 11*v - 39. What is the hundreds digit of s(-10)?
1
Suppose -5130 = -4*h - 342. Suppose 4*l = -5*l + h. What is the units digit of l?
3
What is the hundreds digit of (-65)/((2/(-5))/(16/5))?
5
What is the hundreds digit of (-52)/(-39)*(-1374)/(-2)?
9
Suppose -2117 - 3183 = -25*f. What is the units digit of f?
2
Let l = -26 - -68. Let g be 2/(122/l - 3). Let c = 45 + g. What is the units digit of c?
4
Let i(h) = -18*h + 23 + 43*h + 2 - h**2. What is the tens digit of i(14)?
7
Let m = -75 + 114. Let w = 77 + m. What is the hundreds digit of w?
1
Let p(s) be the first derivative of -s**5/20 - s**4/6 - 3*s**3 - 1. Let j(l) be the third derivative of p(l). What is the units digit of j(-8)?
4
Suppose 2*h - 3*q = 719, -4*q + 13 - 1 = 0. What is the units digit of h?
4
Suppose -3*x + 12 + 3 = 0, 5*y = x - 395. Let k = y + 142. What is the tens digit of k?
6
Suppose -21156 = -14*h - 5196. What is the thousands digit of h?
1
Let x(r) = r**2 + 8*r + 4. Let i = -17 + 6. What is the tens digit of x(i)?
3
Let h = -313 - -1163. What is the tens digit of h?
5
Let c = -459 + 729. What is the hundreds digit of c?
2
Suppose 3*c - 10 = 14. Suppose 4*j = z - 97, -c*z + 3*z + 508 = 3*j. What is the units digit of z?
1
Suppose 2*m = -5*y + 5627, 0 = -2*y + 27*m - 22*m + 2245. What is the tens digit of y?
2
Let f(c) = 28*c**3 - 2*c**2 + c - 3. Let i be f(2). Let h = i - 147. What is the units digit of h?
8
Suppose 0 = q + 91 + 18. Let n = q + 143. What is the units digit of n?
4
Let l(f) = 121*f + 11. Let q be l(-2). Let v = q - -398. What is the hundreds digit of v?
1
Let f(j) be the first derivative of j**5/60 + 7*j**4/24 + 11*j**3/6 - 3*j**2 - 1. Let g(h) be the second derivative of f(h). What is the units digit of g(-6)?
5
Let k(c) be the first derivative of c**4/12 - 10*c**3/3 + 7*c**2/2 + 7. Let t(x) be the second derivative of k(x). What is the units digit of t(15)?
0
Let o(a) = 3*a**2 + 2*a - 2. What is the hundreds digit of o(-27)?
1
Let j(c) = -31*c - 237. What is the units digit of j(-34)?
7
Let z(a) = -a**3 - 3*a**2 - a + 2. Let g be z(-3). Suppose -2*k - 1 = -g. Suppose k = -l + 58. What is the tens digit of l?
5
Let w = 4741 - 2660. What is the thousands digit of w?
2
Suppose -40 = -4*v - 5*d, 2*v = 3*v - 4*d + 11. Suppose -v*i = -6 - 4. Suppose z = i + 8. What is the tens digit of z?
1
Let j(g) = 17*g**2 + g - 3. Let p(i) = i**3 + 4*i**2 - 6*i - 3. Let u be p(-5). What is the tens digit of j(u)?
6
Let a = -6 - -15. Let l(j) = 3*j**2 - 4*j - 3. Let k be l(a). What is the tens digit of (-1)/(2 + k/(-100))?
2
Let d(m) = -m**2 - 3*m - 4. Let k be d(-3). Let y = k - -19. What is the tens digit of y?
1
Let i(k) = 28*k**3 + 3*k**2 + 2*k - 3. Let u be i(-2). Let h = u + 422. What is the units digit of h?
3
Let k(r) = r**2 + 8*r + 3. Let z be k(-7). Let i be 0 + z - 212/(-4). Suppose -5*l + i = -46. What is the tens digit of l?
1
Suppose -4*x = 5*j + 262, -3*x = -2*j - 2*x - 97. Let r be (-5)/30 + j/(-12). Suppose -f = -r*f + 108. What is the units digit of f?
6
Suppose 5*l + p + 9 + 99 = 0, -3*l = 5*p + 56. Let a = -26 - l. What is the tens digit of ((-34)/8)/(a/16)?
1
Let s = -133 + 137. Suppose -3*r + 216 = -3*n, 0*r + 362 = 5*r - s*n. What is the tens digit of r?
7
Suppose -42*o + 24*o + 58716 = 0. What is the thousands digit of o?
3
Suppose 3*q + 4*b - 3*b - 20 = 0, 3*q = 3*b. Suppose -q*y = -15*y + 1380. What is the units digit of y?
8
Let u(b) be the first derivative of -b**4/4 + 5*b**3/3 + 3*b**2 + 6*b - 45. Suppose -t + 4 = -1. What is the units digit of u(t)?
6
Let z(t) = 10 - 10 - t. Let h be z(-3). Suppose h*p = -0*p + 84. What is the tens digit of p?
2
Suppose -3*m - 10 = 2*m + 5*h, 3*h + 15 = 0. Suppose 188 = m*p + p. What is the tens digit of p?
4
Let s = -2 - -124. Let o = s - 35. What is the units digit of o?
7
Let f be 1/(-4) - 154/(-8). What is the units digit of ((1 + -6)/(-1))/(f/76)?
0
Suppose 0*s - 5*s = -275. Suppose -y 